 of (0/(-4) - d) + -2?
1
Suppose 84 = 6*u - 5670. What is the hundreds digit of u?
9
Let n(w) = w**2 - 8*w + 5. Let l be n(8). Suppose -q = b + 3*q + 62, -q - 291 = l*b. Let f = b + 98. What is the units digit of f?
0
Suppose 224 = 7*k + 21. Let a(j) = j + 25. What is the units digit of a(k)?
4
Suppose 45640 = 62*l - 194362. What is the hundreds digit of l?
8
Let t be 15/2*(-4 + 2/1). What is the units digit of t/(-10) + (-15)/(-12)*22?
9
Suppose 3*t + u - 4*u = 24, -5*u = 3*t + 16. What is the units digit of 6/(-9) - (-119)/t?
9
Let d be -3 - -12 - (-3 - -3). Let n be (3/d)/((-2)/6). What is the units digit of -13*((-2 - n) + 0)?
3
Let i(c) = -c**3 + 43*c**2 - 10*c + 20. What is the units digit of i(42)?
4
Let c(z) = 19*z**2 - z. Let p = 11 + -8. Suppose 3*w = -0*w + p. What is the tens digit of c(w)?
1
Let k(b) = 6*b**2 - 42*b + 107. What is the hundreds digit of k(-22)?
9
Let q(v) = v**2 - 1. Let x be q(2). Suppose x*s = 7*s - 372. What is the tens digit of s?
9
Suppose 2*b + 476 = 478. What is the units digit of b?
1
Let h = 1625 + -831. What is the hundreds digit of h?
7
Let r(d) = d**3 + 6*d**2 + 10*d + 2. Let j be r(-4). What is the units digit of ((-15)/j)/((-3)/(-6))?
5
Let i(d) = -d**2 + 21*d - 21. Suppose -16*q + 190 + 34 = 0. What is the tens digit of i(q)?
7
Suppose -5*q = -2*r + 7792, 2*r - 4*q + 7774 = 4*r. Suppose 0 = 14*n + 1077 - r. What is the hundreds digit of n?
2
What is the units digit of 4/(-20) - (-1)/((-5)/(-811))?
2
Let c = -9 + 29. Let j = 40 - c. What is the units digit of j?
0
Suppose 18*v - 1720 = 8*v. What is the units digit of v?
2
What is the units digit of (-6)/(30/(-65)) - -5302?
5
Let c(l) = -4*l - 11. Let q(k) = k**3 + 8*k**2 + 9*k - 6. Let p be q(-7). What is the tens digit of c(p)?
6
Let h(d) = -d**2 + 3*d + 3. Let b = -1 + 6. Let x be h(b). Let o = x + 12. What is the units digit of o?
5
Let i(l) = -3*l + 11*l**2 + l**3 - 3*l + 13 + 0*l. Let o be i(-11). Let g = o + -49. What is the units digit of g?
0
Let t(h) = h**3 - h**2 + h. Let f(r) = 3*r**3 - 2*r**2 + 9*r - 4. Let z(m) = -f(m) + 4*t(m). What is the tens digit of z(5)?
5
Let t = -11 - -15. Let k be (t/5)/(4/40). Suppose -k*r + 490 = 82. What is the units digit of r?
1
Let t be ((-3)/6)/((-1)/4). Suppose -t = -3*a + 2*g - 0*g, 0 = 3*a + g + 10. Let o = a - -3. What is the units digit of o?
1
Suppose 13*a + 16974 = 59*a. What is the hundreds digit of a?
3
Suppose 3*u = -u + 8. Suppose -u*w = -w - 78. What is the tens digit of w?
7
What is the tens digit of 416*((-4)/(-10) + 33/30)?
2
Let c(t) = -t**2. Let y be c(-3). Let r(b) = 12 + 2*b - 2 - 13*b - b**2. What is the tens digit of r(y)?
2
Suppose -3*c - 563 = -d, -4*d - 5*c + 629 = -1640. What is the tens digit of d?
6
Suppose -3*f + 18 = f - 2*r, 2*r = -3*f + 10. Suppose -14 = -f*x + 258. What is the tens digit of x?
6
Let w be (20965/(-140))/(2/(-16)). Suppose 7*s - w = 797. What is the tens digit of s?
8
Let r(k) = 0 - 1 + 0 + 5*k + 5. What is the tens digit of r(2)?
1
Suppose -61 = -g + 5*v, g = 2*g - 3*v - 69. Let r(i) = i**2 + 5*i + 15. Let j be r(-6). Suppose -m + 6*m + g = 4*w, m + j = w. What is the units digit of w?
4
Let g = -451 + 1666. What is the thousands digit of g?
1
Let p(i) = i**3 + 6*i**2 + 7*i + 9. Let d be p(-4). Let z be ((-6)/(-10))/(d/(-65)). Let x(h) = -h**3 - 3*h**2 - 3*h - 7. What is the units digit of x(z)?
2
Let j(c) = 2*c - 1. Suppose 20 = -0*v - 3*v + 5*k, -3*v = -3*k + 12. Let f be j(v). What is the tens digit of 2 + 4/f + 43?
4
Let q(f) = f**2 - 5*f + 1218. What is the thousands digit of q(0)?
1
Suppose -4*b + 123 = -5*n, 66 = -2*n - 0*n - 4*b. What is the units digit of (-9)/2*1062/n?
7
Let u(a) = -1 + 5 + 9 + 8 - 5*a. What is the units digit of u(-21)?
6
Let d = -152 - -56. Let m be (d/3)/(-4) + 3. What is the units digit of (4 - 5)*-1*m?
1
Let r = -211 + 255. What is the tens digit of r?
4
Let u(a) = -29*a - 126. What is the tens digit of u(-9)?
3
Let o = 111 + -51. Let i = o + -31. Suppose 5*d - i = 46. What is the tens digit of d?
1
Suppose 5*o + 57 = 5*m - 3*m, m - 28 = 3*o. Let b = 156 - m. What is the hundreds digit of b?
1
Suppose -2*o = 3*p - 48, 5*o - 170 = 4*p - 4. Suppose -2 = -s - 8. What is the units digit of (-138)/(-15) + s/o?
9
Let u(a) = -a + 4. Let r be u(5). Let h(i) = -136*i + 1. Let g be h(r). Suppose g = 5*b - 103. What is the tens digit of b?
4
Let x = 18 + 9. Let t = x + -26. What is the units digit of t/((-12)/88)*-3?
2
Let d = -487 + 1680. Suppose -473 = -2*h + w, -5*h + d = -0*h + w. What is the units digit of h?
8
What is the tens digit of (15/(-4))/(8/(-32))?
1
Suppose -4*m - 1024 = -5*a - m, 5*a - 2*m = 1026. What is the units digit of a?
6
Suppose -10*s + 7*s + 576 = 0. Let z = s + -102. What is the units digit of z?
0
Suppose 2*y - 28*g + 33*g = 2855, -5*y + 3*g = -7091. What is the units digit of y?
0
Suppose 5*j = -f + 446, 6*j + 1856 = 4*f + 2*j. What is the units digit of f?
1
What is the hundreds digit of 18492/9 - 54/81?
0
Let c(o) = 2*o + 5. Let x be c(0). Suppose -4*f + 3*f = -x. Suppose 2*m - 4*q - 50 = 0, -f*m = -3*q - 97 - 63. What is the tens digit of m?
3
Let t(u) = -10*u + 19*u + u**2 - 9*u. What is the units digit of t(-13)?
9
What is the hundreds digit of 7 + (540 - (0 - 5))?
5
Let y(t) be the first derivative of 7/3*t**3 + 1/4*t**4 - 9/2*t**2 + 7*t + 6. What is the units digit of y(-8)?
5
Let u(w) = w**3 + 7*w**2 + w + 17. Let f be u(-7). Let t be ((-5)/(f/(-4)))/1. Suppose 30 + 70 = t*a. What is the units digit of a?
0
What is the hundreds digit of ((-55)/(-10))/(6/3528)?
2
Let i = 0 - 1. Let t be (-34)/i + 2/1. Suppose 0 = 4*v - 140 + t. What is the units digit of v?
6
Suppose 92*u - 90*u + 84 = 0. What is the tens digit of (-2030)/u - (-10)/6?
5
Let x(r) = -31*r + 41. Let n(l) = -33*l + 41. Let g(y) = -5*n(y) + 4*x(y). What is the tens digit of g(8)?
8
Let m(i) = -3*i**2 + 2*i - 4. Let w be m(2). What is the tens digit of 6/(-4)*904/w?
1
Suppose 6*a = 12*a - 1584. What is the units digit of a?
4
Let y be 9 + -10 - 344/(-2). Suppose -3*i = -3 - y. What is the units digit of i?
8
Let t(k) = 0*k + 6*k + 5 - 7 + 2*k**3 + 11*k**2 - k**3. What is the hundreds digit of t(-7)?
1
Suppose 2*p = -0*p - 2*h + 6, 0 = -3*h. Let d(g) = 2*g**2 + 15*g + 7. Let z be d(-11). Suppose -q + 15 = -p*i, 5*q - 5*i - z = 21. What is the units digit of q?
4
Let u(a) = 470*a - 273. What is the thousands digit of u(9)?
3
Let j = 109 - 6. What is the hundreds digit of j?
1
Let r be 6/(-9) - (-1036)/6. Suppose 0 = 3*t - r - 20. What is the units digit of ((-7)/(-14))/(2/t)?
6
Suppose 4*f + 96 = 28. Let v = f + 56. What is the units digit of v?
9
Suppose 20 = -5*k, n - 2*k + 0 = 14. Let z(y) = -y**2 + 3*y + 4. Let g be z(n). Let d = g - -23. What is the units digit of d?
9
Suppose 0 = 3*c - 4564 - 6611. What is the units digit of c?
5
Suppose -5*i + 2*u = -5571, -4*u - 3351 = -90*i + 87*i. What is the hundreds digit of i?
1
Suppose -33*w + 4903 = -8594. What is the hundreds digit of w?
4
Suppose 205 = 52*v - 51*v. What is the tens digit of v?
0
Let q = 86 + -84. Suppose 2*x + q*c = -0*c + 342, 2*x - 342 = 3*c. What is the tens digit of x?
7
Let s(y) = 9*y - 1 + 5 - 1. What is the units digit of s(8)?
5
Suppose -3*n + 6 = 0, 0 = -0*v + 3*v + 2*n - 511. Suppose 0 = g + 4, i - 5*g + 40 - v = 0. What is the tens digit of i?
0
Let b(o) = 92*o**2 + 15*o - 37. What is the units digit of b(4)?
5
Let j(a) = 66*a - 2. Let z be j(-1). Let w = 94 + z. What is the tens digit of w?
2
Suppose 0 = 7*n - 8*n + 3. Let b = 7 - n. Let w = b - -24. What is the tens digit of w?
2
Let x(b) = 6*b**2 + 6*b + 3. Let d(p) = -7*p**2 - 6*p - 4. Let a(k) = 5*d(k) + 6*x(k). What is the units digit of a(6)?
0
Let f be (-2*51/(-6))/1. Let t = 59 + -3. Suppose -15*z + f*z = t. What is the tens digit of z?
2
Let x = -721 + 1258. What is the tens digit of x?
3
What is the hundreds digit of ((-1182)/30)/((-16)/80)?
1
What is the hundreds digit of (1154/10 + -3)/(2/25)?
4
Let t(h) = 14*h**2. Let u be t(4). Suppose -8*y + y + u = 0. What is the tens digit of y?
3
Let z(u) = 25*u**3 - 2*u**2 + 16*u + 7. What is the tens digit of z(4)?
3
Let r(z) = z**3 + 6*z**2 - 8*z + 1. Let j be r(-7). Suppose 0*l = 4*l - j. What is the units digit of (-7)/(-14)*8/l?
2
Let p = -97 - -194. Supp